{"id":167,"date":"2025-12-05T12:50:04","date_gmt":"2025-12-05T12:50:04","guid":{"rendered":"https:\/\/jana.bokado.de\/?page_id=167"},"modified":"2025-12-05T12:54:01","modified_gmt":"2025-12-05T12:54:01","slug":"datenschutz","status":"publish","type":"page","link":"https:\/\/jana.bokado.de\/?page_id=167","title":{"rendered":"Datenschutz"},"content":{"rendered":"<p>Der Schutz Ihrer pers\u00f6nlichen Daten hat einen hohen Stellenwert. Es ist uns wichtig, Sie dar\u00fcber zu informieren, welche pers\u00f6nlichen Daten erfasst werden, wie diese verwendet werden und welche Gestaltungsm\u00f6glichkeiten Sie dabei haben.<\/p>\n<p>1. Wer ist verantwortlich f\u00fcr die Datenverarbeitung?<\/p>\n<p>Verantwortlich f\u00fcr die Datenverarbeitung ist:<\/p>\n<p>Janna Derr<br \/>\nHolzgasse 16<br \/>\n53347 Alfter<\/p>\n<p>2. Welche Daten werden erfasst, wie werden sie verwendet und wie lange werden sie gespeichert?<\/p>\n<p>Wir verarbeiten die folgenden Elemente personenbezogener Daten:<\/p>\n<p>1. Personenbezogene Daten, die f\u00fcr die Abwicklung eines Auftrages oder vorvertraglicher Ma\u00dfnahmen erforderlich sind (Art. 6 1b DSGVO), f\u00fcr deren Verarbeitung Sie uns eine Einwilligung erteilt haben oder deren Rechtm\u00e4\u00dfigkeit f\u00fcr die Verarbeitung im Rahmen einer Interessenabw\u00e4gung (Art. 6 1f DSGVO) hergestellt werden kann, z.B.<\/p>\n<p>Name (Vor- und Zuname)<br \/>\nFirmenname<br \/>\nWohnort- \/ Firmenanschrift<br \/>\nLiefer- und Rechnungsadressen<br \/>\nE-Mail-Adresse und \/ oder Telefonnummer<br \/>\nZahlungsinformationen<\/p>\n<p>2. Mittelbare personenbezogene Daten inkl. technischer Informationen dar\u00fcber, wie Sie auf unsere Website zugreifen, insbesondere:<\/p>\n<p>das von Ihnen verwendete Ger\u00e4t<br \/>\nden von Ihnen verwendeten Browser,<br \/>\nIhre Netzwerkverbindung<br \/>\nIhre IP-Adresse<br \/>\nsowie Einzelheiten dar\u00fcber, wie Sie durch unsere Websites und unsere Plattform browsen. Wir sammeln einige dieser Informationen, indem wir &#8222;Cookies&#8220; oder andere \u00e4hnliche Technologien direkt von Ihrem Ger\u00e4t aus verwenden.<\/p>\n<p>3. Wird Ihr Nutzungsverhalten ausgewertet, z. B. f\u00fcr Werbung oder Tracking?<\/p>\n<p>Session-Cookies<br \/>\nDie Verwendung von Session-Cookies ist notwendig, damit Sie durch die Seiten navigieren und wesentliche Funktionen nutzen k\u00f6nnen. Sie erm\u00f6glichen Grundfunktionen, wie die Bestellabwicklung im Online-Shop und den Zugriff auf gesicherte Bereiche der Webseite. Zudem dienen sie der anonymen Auswertung des Nutzerverhaltens, die von uns verwendet werden, um unseren Webauftritt stetig f\u00fcr Sie weiterzuentwickeln. Rechtsgrundlage f\u00fcr diese Cookies ist Artikel 6 1b DSGVO. Session-Cookies werden nach Beendigung der Browser-Sitzung gel\u00f6scht bzw. deaktiviert.<\/p>\n<p>Analytische (Persistent-)Cookies<br \/>\nDiese Cookies helfen uns, das Nutzungsverhalten besser zu verstehen. Analysecookies erm\u00f6glichen die Erhebung von Nutzungs- und Erkennungsm\u00f6glichkeiten durch Erst- oder Drittanbieter, in so genannten pseudonymen Nutzungsprofilen. Wir benutzen beispielsweise Analysecookies, um die Zahl der individuellen Besucher einer Webseite oder eines Dienstes zu ermitteln oder um andere Statistiken im Hinblick auf den Betrieb unserer Produkte zu erheben, als auch das Nutzerverhalten auf Basis anonymer und pseudonymer Informationen zu analysieren, wie Besucher mit der Webseite interagieren. Ein unmittelbarer R\u00fcckschluss auf eine Person ist dabei nicht m\u00f6glich. Rechtsgrundlage f\u00fcr diese Cookies ist Art 6 1a DSGVO. Analytische-Cookies haben eine Lebensdauer von zwischen 30 Minuten und 2 Jahren ab dem Zeitpunkt des Downloads auf Ihr Ger\u00e4t.<\/p>\n<p>3. An wen geben wir Ihre Daten weiter:<\/p>\n<p>a) An Auftragsverarbeiter<br \/>\nDas sind Unternehmen, die wir im gesetzlich vorgesehenen Rahmen mit der Verarbeitung von Daten beauftragen, vergl. Art. 28 DSGVO (Dienstleister, Erf\u00fcllungsgehilfen). Janna Derr bleibt auch in dem Fall weiterhin f\u00fcr den Schutz Ihrer Daten verantwortlich. Wir beauftragen Unternehmen insbesondere in folgenden Bereichen: IT, Vertrieb, Marketing, Cloud-Hosting, eCommerce-Plattformen, Finanzen, Zahlungsdienstleister, Logistik, Druck<\/p>\n<p>b) An Kooperationspartner,<br \/>\ndie in eigener Verantwortung Leistungen f\u00fcr Sie bzw. im Zusammenhang mit Ihrem Vertrag erbringen. Dies ist der Fall, wenn Sie Leistungen solcher Partner bei uns beauftragen oder wenn Sie in die Einbindung des Partners einwilligen oder wenn wir den Partner aufgrund einer gesetzlichen Erlaubnis einbinden.<\/p>\n<p>c) Aufgrund gesetzlicher Verpflichtung<br \/>\nIn bestimmten F\u00e4llen sind wir gesetzlich verpflichtet, bestimmte Daten an die anfragende staatliche Stelle zu \u00fcbermitteln.<\/p>\n<p>d) Welche Rechte haben Sie?<\/p>\n<p>Sie haben das Recht,<\/p>\n<ul>\n<li>Auskunft zu verlangen zu Kategorien der verarbeiteten Daten, Verarbeitungszwecken, etwaigen Empf\u00e4ngern der Daten, der geplanten Speicherdauer (Art. 15 DSGVO);<\/li>\n<li>die Berichtigung Erg\u00e4nzung unrichtiger bzw. unvollst\u00e4ndiger Daten zu verlangen (Art. 16 DSGVO);<\/li>\n<li>eine erteilte Einwilligung jederzeit mit Wirkung f\u00fcr die Zukunft zu widerrufen (Art. 7 Abs. 3 DSGVO);<\/li>\n<li>einer Datenverarbeitung, die aufgrund eines berechtigten Interesses erfolgen soll, aus Gr\u00fcnden zu widersprechen, die sich aus Ihrer besonderen Situation ergeben (Art 21 Abs. 1 DSGVO);<\/li>\n<li>in bestimmten F\u00e4llen im Rahmen des Art. 17 DSGVO die L\u00f6schung von Daten zu verlangen &#8211; insbesondere soweit die Daten f\u00fcr den vorgesehenen Zweck nicht mehr erforderlich sind bzw. unrechtm\u00e4\u00dfig verarbeitet werden, oder Sie Ihre Einwilligung gem\u00e4\u00df oben (c) widerrufen oder einen Widerspruch gem\u00e4\u00df oben (d) erkl\u00e4rt haben;<br \/>\nunter bestimmten Voraussetzungen die Einschr\u00e4nkung von Daten zu verlangen, soweit eine L\u00f6schung nicht m\u00f6glich bzw. die L\u00f6schpflicht streitig ist (Art. 18 DSGVO);<\/li>\n<li>auf Daten\u00fcbertragbarkeit, h. Sie k\u00f6nnen Ihre Daten, die Sie uns bereitgestellt haben, in einem g\u00e4ngigen maschinenlesbaren Format wie z.B. CSV erhalten und ggf. an andere \u00fcbermitteln (Art. 20 DSGVO;)<\/li>\n<li>sich bei der zust\u00e4ndigen Aufsichtsbeh\u00f6rde \u00fcber die Datenverarbeitung zu beschweren (Landesbeauftragte f\u00fcr den Datenschutz und die Informationsfreiheit Nordrhein-Westfalen).<\/li>\n<\/ul>\n<p>5. Wo werden meine Daten verarbeitet?<\/p>\n<p>Ihre Daten werden in Deutschland sowie im europ\u00e4ischen und au\u00dfereurop\u00e4ischen Ausland verarbeitet. Findet eine Verarbeitung Ihrer Daten in L\u00e4ndern au\u00dferhalb der Europ\u00e4ischen Union (also in sog. Drittstaaten) statt, geschieht dies, soweit Sie hierin ausdr\u00fccklich eingewilligt haben oder es f\u00fcr unsere Leistungserbringung Ihnen gegen\u00fcber erforderlich ist oder es gesetzlich vorgesehen ist (Art. 49 DSGVO). Dar\u00fcber hinaus erfolgt eine Verarbeitung Ihrer Daten in Drittstaaten nur, soweit durch bestimmte Ma\u00dfnahmen sichergestellt ist, dass hierf\u00fcr ein angemessenes Datenschutzniveau besteht (z. B. Angemessenheitsbeschluss der EU-Kommission oder sog. geeignete Garantien, Art. 44ff. DSGVO)<\/p>\n","protected":false},"excerpt":{"rendered":"<p>Der Schutz Ihrer pers\u00f6nlichen Daten hat einen hohen Stellenwert. Es ist uns wichtig, Sie dar\u00fcber zu informieren, welche pers\u00f6nlichen Daten erfasst werden, wie diese verwendet werden und welche Gestaltungsm\u00f6glichkeiten Sie dabei haben. 1. Wer ist verantwortlich f\u00fcr die Datenverarbeitung? Verantwortlich f\u00fcr die Datenverarbeitung ist: Janna Derr Holzgasse 16 53347 Alfter 2. Welche Daten werden erfasst, [&hellip;]<\/p>\n","protected":false},"author":1,"featured_media":0,"parent":0,"menu_order":0,"comment_status":"closed","ping_status":"closed","template":"","meta":{"footnotes":""},"class_list":["post-167","page","type-page","status-publish","hentry","post"],"_links":{"self":[{"href":"https:\/\/jana.bokado.de\/index.php?rest_route=\/wp\/v2\/pages\/167","targetHints":{"allow":["GET"]}}],"collection":[{"href":"https:\/\/jana.bokado.de\/index.php?rest_route=\/wp\/v2\/pages"}],"about":[{"href":"https:\/\/jana.bokado.de\/index.php?rest_route=\/wp\/v2\/types\/page"}],"author":[{"embeddable":true,"href":"https:\/\/jana.bokado.de\/index.php?rest_route=\/wp\/v2\/users\/1"}],"replies":[{"embeddable":true,"href":"https:\/\/jana.bokado.de\/index.php?rest_route=%2Fwp%2Fv2%2Fcomments&post=167"}],"version-history":[{"count":2,"href":"https:\/\/jana.bokado.de\/index.php?rest_route=\/wp\/v2\/pages\/167\/revisions"}],"predecessor-version":[{"id":171,"href":"https:\/\/jana.bokado.de\/index.php?rest_route=\/wp\/v2\/pages\/167\/revisions\/171"}],"wp:attachment":[{"href":"https:\/\/jana.bokado.de\/index.php?rest_route=%2Fwp%2Fv2%2Fmedia&parent=167"}],"curies":[{"name":"wp","href":"https:\/\/api.w.org\/{rel}","templated":true}]}}

<p>Der Schutz Ihrer persönlichen Daten hat einen hohen Stellenwert. Es ist uns wichtig, Sie darüber zu informieren, welche persönlichen Daten erfasst werden, wie diese verwendet werden und welche Gestaltungsmöglichkeiten Sie dabei haben.</p>
<p>1. Wer ist verantwortlich für die Datenverarbeitung?</p>
<p>Verantwortlich für die Datenverarbeitung ist:</p>
<p>Janna Derr<br />
Holzgasse 16<br />
53347 Alfter</p>
<p>2. Welche Daten werden erfasst, wie werden sie verwendet und wie lange werden sie gespeichert?</p>
<p>Wir verarbeiten die folgenden Elemente personenbezogener Daten:</p>
<p>1. Personenbezogene Daten, die für die Abwicklung eines Auftrages oder vorvertraglicher Maßnahmen erforderlich sind (Art. 6 1b DSGVO), für deren Verarbeitung Sie uns eine Einwilligung erteilt haben oder deren Rechtmäßigkeit für die Verarbeitung im Rahmen einer Interessenabwägung (Art. 6 1f DSGVO) hergestellt werden kann, z.B.</p>
<p>Name (Vor- und Zuname)<br />
Firmenname<br />
Wohnort- / Firmenanschrift<br />
Liefer- und Rechnungsadressen<br />
E-Mail-Adresse und / oder Telefonnummer<br />
Zahlungsinformationen</p>
<p>2. Mittelbare personenbezogene Daten inkl. technischer Informationen darüber, wie Sie auf unsere Website zugreifen, insbesondere:</p>
<p>das von Ihnen verwendete Gerät<br />
den von Ihnen verwendeten Browser,<br />
Ihre Netzwerkverbindung<br />
Ihre IP-Adresse<br />
sowie Einzelheiten darüber, wie Sie durch unsere Websites und unsere Plattform browsen. Wir sammeln einige dieser Informationen, indem wir &#8222;Cookies&#8220; oder andere ähnliche Technologien direkt von Ihrem Gerät aus verwenden.</p>
<p>3. Wird Ihr Nutzungsverhalten ausgewertet, z. B. für Werbung oder Tracking?</p>
<p>Session-Cookies<br />
Die Verwendung von Session-Cookies ist notwendig, damit Sie durch die Seiten navigieren und wesentliche Funktionen nutzen können. Sie ermöglichen Grundfunktionen, wie die Bestellabwicklung im Online-Shop und den Zugriff auf gesicherte Bereiche der Webseite. Zudem dienen sie der anonymen Auswertung des Nutzerverhaltens, die von uns verwendet werden, um unseren Webauftritt stetig für Sie weiterzuentwickeln. Rechtsgrundlage für diese Cookies ist Artikel 6 1b DSGVO. Session-Cookies werden nach Beendigung der Browser-Sitzung gelöscht bzw. deaktiviert.</p>
<p>Analytische (Persistent-)Cookies<br />
Diese Cookies helfen uns, das Nutzungsverhalten besser zu verstehen. Analysecookies ermöglichen die Erhebung von Nutzungs- und Erkennungsmöglichkeiten durch Erst- oder Drittanbieter, in so genannten pseudonymen Nutzungsprofilen. Wir benutzen beispielsweise Analysecookies, um die Zahl der individuellen Besucher einer Webseite oder eines Dienstes zu ermitteln oder um andere Statistiken im Hinblick auf den Betrieb unserer Produkte zu erheben, als auch das Nutzerverhalten auf Basis anonymer und pseudonymer Informationen zu analysieren, wie Besucher mit der Webseite interagieren. Ein unmittelbarer Rückschluss auf eine Person ist dabei nicht möglich. Rechtsgrundlage für diese Cookies ist Art 6 1a DSGVO. Analytische-Cookies haben eine Lebensdauer von zwischen 30 Minuten und 2 Jahren ab dem Zeitpunkt des Downloads auf Ihr Gerät.</p>
<p>3. An wen geben wir Ihre Daten weiter:</p>
<p>a) An Auftragsverarbeiter<br />
Das sind Unternehmen, die wir im gesetzlich vorgesehenen Rahmen mit der Verarbeitung von Daten beauftragen, vergl. Art. 28 DSGVO (Dienstleister, Erfüllungsgehilfen). Janna Derr bleibt auch in dem Fall weiterhin für den Schutz Ihrer Daten verantwortlich. Wir beauftragen Unternehmen insbesondere in folgenden Bereichen: IT, Vertrieb, Marketing, Cloud-Hosting, eCommerce-Plattformen, Finanzen, Zahlungsdienstleister, Logistik, Druck</p>
<p>b) An Kooperationspartner,<br />
die in eigener Verantwortung Leistungen für Sie bzw. im Zusammenhang mit Ihrem Vertrag erbringen. Dies ist der Fall, wenn Sie Leistungen solcher Partner bei uns beauftragen oder wenn Sie in die Einbindung des Partners einwilligen oder wenn wir den Partner aufgrund einer gesetzlichen Erlaubnis einbinden.</p>
<p>c) Aufgrund gesetzlicher Verpflichtung<br />
In bestimmten Fällen sind wir gesetzlich verpflichtet, bestimmte Daten an die anfragende staatliche Stelle zu übermitteln.</p>
<p>d) Welche Rechte haben Sie?</p>
<p>Sie haben das Recht,</p>
<ul>
<li>Auskunft zu verlangen zu Kategorien der verarbeiteten Daten, Verarbeitungszwecken, etwaigen Empfängern der Daten, der geplanten Speicherdauer (Art. 15 DSGVO);</li>
<li>die Berichtigung Ergänzung unrichtiger bzw. unvollständiger Daten zu verlangen (Art. 16 DSGVO);</li>
<li>eine erteilte Einwilligung jederzeit mit Wirkung für die Zukunft zu widerrufen (Art. 7 Abs. 3 DSGVO);</li>
<li>einer Datenverarbeitung, die aufgrund eines berechtigten Interesses erfolgen soll, aus Gründen zu widersprechen, die sich aus Ihrer besonderen Situation ergeben (Art 21 Abs. 1 DSGVO);</li>
<li>in bestimmten Fällen im Rahmen des Art. 17 DSGVO die Löschung von Daten zu verlangen &#8211; insbesondere soweit die Daten für den vorgesehenen Zweck nicht mehr erforderlich sind bzw. unrechtmäßig verarbeitet werden, oder Sie Ihre Einwilligung gemäß oben (c) widerrufen oder einen Widerspruch gemäß oben (d) erklärt haben;<br />
unter bestimmten Voraussetzungen die Einschränkung von Daten zu verlangen, soweit eine Löschung nicht möglich bzw. die Löschpflicht streitig ist (Art. 18 DSGVO);</li>
<li>auf Datenübertragbarkeit, h. Sie können Ihre Daten, die Sie uns bereitgestellt haben, in einem gängigen maschinenlesbaren Format wie z.B. CSV erhalten und ggf. an andere übermitteln (Art. 20 DSGVO;)</li>
<li>sich bei der zuständigen Aufsichtsbehörde über die Datenverarbeitung zu beschweren (Landesbeauftragte für den Datenschutz und die Informationsfreiheit Nordrhein-Westfalen).</li>
</ul>
<p>5. Wo werden meine Daten verarbeitet?</p>
<p>Ihre Daten werden in Deutschland sowie im europäischen und außereuropäischen Ausland verarbeitet. Findet eine Verarbeitung Ihrer Daten in Ländern außerhalb der Europäischen Union (also in sog. Drittstaaten) statt, geschieht dies, soweit Sie hierin ausdrücklich eingewilligt haben oder es für unsere Leistungserbringung Ihnen gegenüber erforderlich ist oder es gesetzlich vorgesehen ist (Art. 49 DSGVO). Darüber hinaus erfolgt eine Verarbeitung Ihrer Daten in Drittstaaten nur, soweit durch bestimmte Maßnahmen sichergestellt ist, dass hierfür ein angemessenes Datenschutzniveau besteht (z. B. Angemessenheitsbeschluss der EU-Kommission oder sog. geeignete Garantien, Art. 44ff. DSGVO)</p>

<p>Der Schutz Ihrer persönlichen Daten hat einen hohen Stellenwert. Es ist uns wichtig, Sie darüber zu informieren, welche persönlichen Daten erfasst werden, wie diese verwendet werden und welche Gestaltungsmöglichkeiten Sie dabei haben. 1. Wer ist verantwortlich für die Datenverarbeitung? Verantwortlich für die Datenverarbeitung ist: Janna Derr Holzgasse 16 53347 Alfter 2. Welche Daten werden erfasst, [&hellip;]</p>
