{"id":54,"date":"2025-09-02T22:09:58","date_gmt":"2025-09-02T22:09:58","guid":{"rendered":"https:\/\/jana.bokado.de\/?page_id=54"},"modified":"2025-12-05T12:12:55","modified_gmt":"2025-12-05T12:12:55","slug":"dolmetschen","status":"publish","type":"page","link":"https:\/\/jana.bokado.de\/?page_id=54","title":{"rendered":"Dolmetschen"},"content":{"rendered":"<div class=\"wp-block-image\">\n<figure class=\"alignright size-large is-resized\"><img loading=\"lazy\" decoding=\"async\" width=\"1024\" height=\"724\" src=\"https:\/\/jana.bokado.de\/wp-content\/uploads\/2025\/10\/group-464644_1920-1024x724.jpg\" alt=\"\" class=\"wp-image-62\" style=\"width:338px;height:auto\" srcset=\"https:\/\/jana.bokado.de\/wp-content\/uploads\/2025\/10\/group-464644_1920-1024x724.jpg 1024w, https:\/\/jana.bokado.de\/wp-content\/uploads\/2025\/10\/group-464644_1920-300x212.jpg 300w, https:\/\/jana.bokado.de\/wp-content\/uploads\/2025\/10\/group-464644_1920-768x543.jpg 768w, https:\/\/jana.bokado.de\/wp-content\/uploads\/2025\/10\/group-464644_1920-1536x1086.jpg 1536w, https:\/\/jana.bokado.de\/wp-content\/uploads\/2025\/10\/group-464644_1920.jpg 1920w\" sizes=\"auto, (max-width: 1024px) 100vw, 1024px\" \/><\/figure>\n<\/div>\n\n\n<p>Sprachliche Pr\u00e4zision und interkulturelles Verst\u00e4ndnis bilden die Grundlage meiner Arbeit. Ob im pers\u00f6nlichen Gespr\u00e4ch, in offiziellen Angelegenheiten oder in schriftlicher Kommunikation \u2013 ich unterst\u00fctze Sie dabei, Sprachbarrieren souver\u00e4n zu \u00fcberwinden.<\/p>\n\n\n\n<h2 class=\"wp-block-heading\"><\/h2>\n\n\n\n<p>Ich stehe Ihnen als verl\u00e4ssliche Begleiterin in allen Situationen zur Seite, in denen sprachliche Klarheit entscheidend ist:<\/p>\n\n\n\n<ul class=\"wp-block-list\">\n<li><strong>Gerichtssitzungen<\/strong>&nbsp;\u2013 f\u00fcr eine pr\u00e4zise und neutrale Verst\u00e4ndigung im juristischen Umfeld<\/li>\n\n\n\n<li><strong>Begleitung zum Notar, Anwalt und in Beh\u00f6rden<\/strong>&nbsp;\u2013 damit Ihre Interessen sicher und korrekt vertreten werden<\/li>\n\n\n\n<li><strong>Begleitung in die Universit\u00e4tsklinik Bonn<\/strong>&nbsp;\u2013 f\u00fcr eine klare Kommunikation zwischen Patienten und medizinischem Fachpersonal<\/li>\n\n\n\n<li><strong>Private sprachliche Begleitung<\/strong>&nbsp;\u2013 in allt\u00e4glichen oder besonderen Angelegenheiten<\/li>\n<\/ul>\n\n\n\n<p><\/p>\n","protected":false},"excerpt":{"rendered":"<p>Sprachliche Pr\u00e4zision und interkulturelles Verst\u00e4ndnis bilden die Grundlage meiner Arbeit. Ob im pers\u00f6nlichen Gespr\u00e4ch, in offiziellen Angelegenheiten oder in schriftlicher Kommunikation \u2013 ich unterst\u00fctze Sie dabei, Sprachbarrieren souver\u00e4n zu \u00fcberwinden. Ich stehe Ihnen als verl\u00e4ssliche Begleiterin in allen Situationen zur Seite, in denen sprachliche Klarheit entscheidend ist:<\/p>\n","protected":false},"author":1,"featured_media":0,"parent":0,"menu_order":0,"comment_status":"closed","ping_status":"closed","template":"","meta":{"footnotes":""},"class_list":["post-54","page","type-page","status-publish","hentry","post"],"_links":{"self":[{"href":"https:\/\/jana.bokado.de\/index.php?rest_route=\/wp\/v2\/pages\/54","targetHints":{"allow":["GET"]}}],"collection":[{"href":"https:\/\/jana.bokado.de\/index.php?rest_route=\/wp\/v2\/pages"}],"about":[{"href":"https:\/\/jana.bokado.de\/index.php?rest_route=\/wp\/v2\/types\/page"}],"author":[{"embeddable":true,"href":"https:\/\/jana.bokado.de\/index.php?rest_route=\/wp\/v2\/users\/1"}],"replies":[{"embeddable":true,"href":"https:\/\/jana.bokado.de\/index.php?rest_route=%2Fwp%2Fv2%2Fcomments&post=54"}],"version-history":[{"count":5,"href":"https:\/\/jana.bokado.de\/index.php?rest_route=\/wp\/v2\/pages\/54\/revisions"}],"predecessor-version":[{"id":93,"href":"https:\/\/jana.bokado.de\/index.php?rest_route=\/wp\/v2\/pages\/54\/revisions\/93"}],"wp:attachment":[{"href":"https:\/\/jana.bokado.de\/index.php?rest_route=%2Fwp%2Fv2%2Fmedia&parent=54"}],"curies":[{"name":"wp","href":"https:\/\/api.w.org\/{rel}","templated":true}]}}

<div class="wp-block-image">
<figure class="alignright size-large is-resized"><img loading="lazy" decoding="async" width="1024" height="724" src="https://jana.bokado.de/wp-content/uploads/2025/10/group-464644_1920-1024x724.jpg" alt="" class="wp-image-62" style="width:338px;height:auto" srcset="https://jana.bokado.de/wp-content/uploads/2025/10/group-464644_1920-1024x724.jpg 1024w, https://jana.bokado.de/wp-content/uploads/2025/10/group-464644_1920-300x212.jpg 300w, https://jana.bokado.de/wp-content/uploads/2025/10/group-464644_1920-768x543.jpg 768w, https://jana.bokado.de/wp-content/uploads/2025/10/group-464644_1920-1536x1086.jpg 1536w, https://jana.bokado.de/wp-content/uploads/2025/10/group-464644_1920.jpg 1920w" sizes="auto, (max-width: 1024px) 100vw, 1024px" /></figure>
</div>


<p>Sprachliche Präzision und interkulturelles Verständnis bilden die Grundlage meiner Arbeit. Ob im persönlichen Gespräch, in offiziellen Angelegenheiten oder in schriftlicher Kommunikation – ich unterstütze Sie dabei, Sprachbarrieren souverän zu überwinden.</p>



<h2 class="wp-block-heading"></h2>



<p>Ich stehe Ihnen als verlässliche Begleiterin in allen Situationen zur Seite, in denen sprachliche Klarheit entscheidend ist:</p>



<ul class="wp-block-list">
<li><strong>Gerichtssitzungen</strong>&nbsp;– für eine präzise und neutrale Verständigung im juristischen Umfeld</li>



<li><strong>Begleitung zum Notar, Anwalt und in Behörden</strong>&nbsp;– damit Ihre Interessen sicher und korrekt vertreten werden</li>



<li><strong>Begleitung in die Universitätsklinik Bonn</strong>&nbsp;– für eine klare Kommunikation zwischen Patienten und medizinischem Fachpersonal</li>



<li><strong>Private sprachliche Begleitung</strong>&nbsp;– in alltäglichen oder besonderen Angelegenheiten</li>
</ul>



<p></p>

<p>Sprachliche Präzision und interkulturelles Verständnis bilden die Grundlage meiner Arbeit. Ob im persönlichen Gespräch, in offiziellen Angelegenheiten oder in schriftlicher Kommunikation – ich unterstütze Sie dabei, Sprachbarrieren souverän zu überwinden. Ich stehe Ihnen als verlässliche Begleiterin in allen Situationen zur Seite, in denen sprachliche Klarheit entscheidend ist:</p>
