{"id":82,"date":"2025-10-11T12:57:11","date_gmt":"2025-10-11T12:57:11","guid":{"rendered":"https:\/\/jana.bokado.de\/?page_id=82"},"modified":"2025-12-05T12:12:39","modified_gmt":"2025-12-05T12:12:39","slug":"ueber-mich","status":"publish","type":"page","link":"https:\/\/jana.bokado.de\/?page_id=82","title":{"rendered":"Professionelle Russisch-\u00dcbersetzungen und Dolmetschungen \u2013 mit \u00fcber 20 Jahren Erfahrung"},"content":{"rendered":"\n<h2 class=\"wp-block-heading\"><\/h2>\n\n\n<div class=\"wp-block-image\">\n<figure class=\"alignright size-full is-resized\"><img loading=\"lazy\" decoding=\"async\" width=\"960\" height=\"720\" src=\"https:\/\/jana.bokado.de\/wp-content\/uploads\/2025\/12\/vertrag_rus.png\" alt=\"\" class=\"wp-image-151\" style=\"width:298px;height:auto\" srcset=\"https:\/\/jana.bokado.de\/wp-content\/uploads\/2025\/12\/vertrag_rus.png 960w, https:\/\/jana.bokado.de\/wp-content\/uploads\/2025\/12\/vertrag_rus-300x225.png 300w, https:\/\/jana.bokado.de\/wp-content\/uploads\/2025\/12\/vertrag_rus-768x576.png 768w\" sizes=\"auto, (max-width: 960px) 100vw, 960px\" \/><\/figure>\n<\/div>\n\n\n<p>Vertrauen Sie auf meine Kompetenz: Seit 2002 bin ich als freiberufliche Dolmetscherin und \u00dcbersetzerin f\u00fcr die russische Sprache t\u00e4tig. Ob f\u00fcr Justizbeh\u00f6rden, Privatpersonen im Gro\u00dfraum Bonn oder f\u00fcr Wirtschaftsunternehmen und private Kunden bundesweit \u2013 ich biete Ihnen pr\u00e4zise und zuverl\u00e4ssige Sprachdienstleistungen.<\/p>\n\n\n\n<p><strong>Beglaubigte \u00dcbersetzungen\u00a0\u00a0<\/strong><\/p>\n\n\n\n<p>Als erm\u00e4chtigte \u00dcbersetzerin fertige ich f\u00fcr Sie beglaubigte \u00dcbersetzungen von Urkunden aus oder in die russische Sprache an. Ihre Dokumente k\u00f6nnen Sie mir unkompliziert per Post, online oder pers\u00f6nlich \u00fcbergeben.<\/p>\n\n\n\n<p>Ihr Vorteil<\/p>\n\n\n\n<ul class=\"wp-block-list\">\n<li>Mehr als zwei Jahrzehnte Erfahrung<\/li>\n\n\n\n<li>Fachliche Pr\u00e4zision und sprachliche Sorgfalt<\/li>\n\n\n\n<li>Individuelle Betreuung und transparente Kostenvoranschl\u00e4ge<\/li>\n<\/ul>\n\n\n\n<p>Nutzen Sie meine Expertise, um Sprachbarrieren m\u00fchelos zu \u00fcberwinden \u2013 zuverl\u00e4ssig, professionell und termingerecht.<\/p>\n\n\n\n<p><\/p>\n\n\n<div class=\"wp-block-image\">\n<figure class=\"aligncenter size-large is-resized\"><img loading=\"lazy\" decoding=\"async\" width=\"1024\" height=\"615\" src=\"https:\/\/jana.bokado.de\/wp-content\/uploads\/2025\/10\/russia-3883022_1280-1024x615.png\" alt=\"\" class=\"wp-image-116\" style=\"width:264px;height:auto\" srcset=\"https:\/\/jana.bokado.de\/wp-content\/uploads\/2025\/10\/russia-3883022_1280-1024x615.png 1024w, https:\/\/jana.bokado.de\/wp-content\/uploads\/2025\/10\/russia-3883022_1280-300x180.png 300w, https:\/\/jana.bokado.de\/wp-content\/uploads\/2025\/10\/russia-3883022_1280-768x461.png 768w, https:\/\/jana.bokado.de\/wp-content\/uploads\/2025\/10\/russia-3883022_1280.png 1280w\" sizes=\"auto, (max-width: 1024px) 100vw, 1024px\" \/><\/figure>\n<\/div>","protected":false},"excerpt":{"rendered":"<p>Vertrauen Sie auf meine Kompetenz: Seit 2002 bin ich als freiberufliche Dolmetscherin und \u00dcbersetzerin f\u00fcr die russische Sprache t\u00e4tig. Ob f\u00fcr Justizbeh\u00f6rden, Privatpersonen im Gro\u00dfraum Bonn oder f\u00fcr Wirtschaftsunternehmen und private Kunden bundesweit \u2013 ich biete Ihnen pr\u00e4zise und zuverl\u00e4ssige Sprachdienstleistungen. Beglaubigte \u00dcbersetzungen\u00a0\u00a0 Als erm\u00e4chtigte \u00dcbersetzerin fertige ich f\u00fcr Sie beglaubigte \u00dcbersetzungen von Urkunden aus [&hellip;]<\/p>\n","protected":false},"author":1,"featured_media":0,"parent":0,"menu_order":0,"comment_status":"closed","ping_status":"closed","template":"","meta":{"footnotes":""},"class_list":["post-82","page","type-page","status-publish","hentry","post"],"_links":{"self":[{"href":"https:\/\/jana.bokado.de\/index.php?rest_route=\/wp\/v2\/pages\/82","targetHints":{"allow":["GET"]}}],"collection":[{"href":"https:\/\/jana.bokado.de\/index.php?rest_route=\/wp\/v2\/pages"}],"about":[{"href":"https:\/\/jana.bokado.de\/index.php?rest_route=\/wp\/v2\/types\/page"}],"author":[{"embeddable":true,"href":"https:\/\/jana.bokado.de\/index.php?rest_route=\/wp\/v2\/users\/1"}],"replies":[{"embeddable":true,"href":"https:\/\/jana.bokado.de\/index.php?rest_route=%2Fwp%2Fv2%2Fcomments&post=82"}],"version-history":[{"count":17,"href":"https:\/\/jana.bokado.de\/index.php?rest_route=\/wp\/v2\/pages\/82\/revisions"}],"predecessor-version":[{"id":154,"href":"https:\/\/jana.bokado.de\/index.php?rest_route=\/wp\/v2\/pages\/82\/revisions\/154"}],"wp:attachment":[{"href":"https:\/\/jana.bokado.de\/index.php?rest_route=%2Fwp%2Fv2%2Fmedia&parent=82"}],"curies":[{"name":"wp","href":"https:\/\/api.w.org\/{rel}","templated":true}]}}